**3 - 3*h**2 - 3*h. What is the units digit of z(4)?
6
Suppose 1 = -3*f - 8. Let s = -3 - -5. What is the units digit of s*3/f + 7?
5
Let u = 2 - 3. Let z be 10 + (2 + -4 - u). Let q = z + -4. What is the units digit of q?
5
Let o = -68 - -107. What is the tens digit of o?
3
Let z be (-2 - 1*-2) + -27. Let b = -14 - z. What is the units digit of b?
3
Suppose 0 = r - 2*g + 2, 4*r + r - 2 = -2*g. Suppose 4*w + r*w = 12. What is the units digit of w?
3
Suppose -t + 9 = 3. Suppose 0 = k - t*k + 30. Let j = k - 2. What is the units digit of j?
4
Let x be (-20)/(-15)*(-18)/4. Let d(h) = h**2 + 4*h - 2. Let f be d(x). What is the units digit of 5/((-5)/2) + f?
8
Suppose 6*j - 2*j - 4*m - 72 = 0, 3*j = 5*m + 62. What is the units digit of (24/j)/((-6)/(-21))?
6
Suppose 0 = 3*c - 3*b + 12, c + 3*c + 5*b + 7 = 0. Let a = -1 - c. Let z = 4 - a. What is the units digit of z?
2
Suppose 766 - 2887 = -7*s. What is the hundreds digit of s?
3
Let n = -52 - -24. What is the units digit of n/(-5) + 10/25?
6
Suppose 0 = 5*k - 2 - 13. Suppose k*z = -0 + 6. Suppose -4*m = -2*a - 47 + 5, 0 = -z*m - 5*a + 15. What is the units digit of m?
0
Let u(n) = n**3 - 4*n**2 + 4. Let v be u(4). What is the tens digit of v/22 - 2800/(-88)?
3
Let m(i) = i**3 + 3*i**2 + i + 6. What is the tens digit of m(3)?
6
Let b(v) = -21*v + 2. Let d(i) = -32*i + 3. Let x(t) = -7*b(t) + 5*d(t). What is the units digit of x(-3)?
0
Let z = -27 + 207. What is the units digit of z?
0
Suppose 0 = -3*q - 79 + 28. Let s = 1 - q. What is the units digit of s?
8
Suppose 2*k + 2 = 4*m, -4*m - 5*k + 9 = -0. Let b(r) be the first derivative of 8*r**3/3 - r + 1. What is the units digit of b(m)?
7
Suppose -3*f = -4*h + 242, -h + 69 = -f - 4*f. What is the tens digit of h?
5
Suppose -26 - 108 = -2*y. What is the tens digit of y?
6
Let v = 3 + -1. Let l be 0/v + -5 - -1. Let t(b) = -4*b - 6. What is the tens digit of t(l)?
1
Let w(i) = i**2 - 6*i - 10. Let q be w(10). Let f = 0 + q. What is the tens digit of f?
3
Suppose 1634 + 1528 = 17*u. What is the hundreds digit of u?
1
Suppose -5*r - 4*v = -508, -5*r + 3*r + 196 = 4*v. Suppose 4*b = 4*w + r + 120, -4*w - 4*b - 256 = 0. What is the tens digit of 16/6*w/(-16)?
1
Let x(p) = p**2 - 3*p - 4. Let y = -1 + 1. Suppose y*m - 3*m + 15 = 0. What is the units digit of x(m)?
6
Suppose -312 = -5*z - 2*w, 4*z = 3*w + 2*w + 243. What is the tens digit of z?
6
Suppose 2 = -5*v + 5*o - 23, -4*v + 5*o = 21. Let i = 18 - 18. Let k = i - v. What is the units digit of k?
4
What is the units digit of (5 + -1)*(-41)/(-4)?
1
Suppose 3*d - 4*b + 0*b - 17 = 0, 2*d + 3*b = 0. Suppose -d*j = -9*j + 228. What is the units digit of j?
8
Let j(o) = -o**3 + 8*o**2 + 14*o - 5. Let x be 6 + 1 + 14/7. What is the units digit of j(x)?
0
Suppose -c - 255 = -5*d + 357, c + 120 = d. What is the tens digit of d?
2
Suppose -7 = -4*k + 13. Suppose -a + 7 = -2*d - 5, k*a = 2*d + 68. What is the units digit of (a/4)/(3/6)?
7
What is the tens digit of (-222)/(-3) - ((-16)/4 - -2)?
7
Let o be (-1 - -2)/(1/1). Suppose o = -5*a + 6. What is the units digit of a?
1
Suppose 0 = 5*y + 2*q - 186, 2*y - 96 = -y + 4*q. What is the tens digit of y?
3
Suppose 2*l + 4*j = -14, 5*j = 3*l + 2*l - 40. What is the units digit of l?
3
Let j = 11 + -5. Let o be (1 + -7)/(9/j). What is the units digit of (-332)/(-20) + o/(-10)?
7
Let m(d) = -67*d**3 + d. Let p be m(-1). Let w = -45 + p. What is the units digit of w?
1
Let i = -6 - -34. What is the units digit of i?
8
What is the tens digit of -381*(-5 + -1 + 5)?
8
Let o be (-2 - (3 - 5)) + -4. Let a(l) = l**2 + l - 5. Let r be a(-5). Let h = o + r. What is the tens digit of h?
1
Suppose -z + 3*p = -0*z - 5, 5*z - 76 = -2*p. Suppose 5*d + 3*u = z, -u = -5*d - 0 + 2. Let a = 1 + d. What is the units digit of a?
2
Let u(c) = -6 + 2 + 4*c - 3. What is the units digit of u(4)?
9
Suppose 4*b = 20 + 128. Suppose -5*o + 117 - b = 0. What is the tens digit of o?
1
Suppose 3*g = 6*g - 15. Suppose -2*j + g = -41. What is the units digit of j?
3
Let o(q) = -q**2 - 5*q. Let w be o(-5). Suppose p + 11 = -w. Let y(h) = h**2 + 11*h + 4. What is the units digit of y(p)?
4
Suppose -3*g - 4*t = -52, -4*t - 52 = -4*g - 5*t. Let s(d) = -4 + g - 1 + d. What is the units digit of s(-4)?
3
Let p(g) = g**3 + 6*g**2 - 6*g + 9. Let v be p(-7). Let w = v + 5. Suppose -4*x = -w - 13. What is the units digit of x?
5
Let o = -17 - -21. What is the units digit of o?
4
Suppose d - s = 203, d = 2*s + 233 - 31. What is the tens digit of d?
0
Suppose 3*f = 42 + 15. Suppose 4*z = 3*v - v + 60, -5*v = 3*z - f. What is the tens digit of z?
1
Let l(z) = z**2 + 8*z - 6. Suppose -p = 6*y - y + 42, -y = -4*p + 21. What is the units digit of l(y)?
3
Let r(d) = -3*d + 3*d - 9*d - 3. Suppose b - 4 = 2*x - 2, x + 2*b = -6. What is the units digit of r(x)?
5
Let p(u) = u**3 + 3*u**2 - 5*u. Suppose -2*w + 4*v - 4 = -5*w, -2*v + 4 = w. What is the units digit of p(w)?
4
Let l(o) = 11*o + 4. What is the units digit of l(10)?
4
What is the tens digit of 4 - 1*225/(-3)?
7
Suppose 810 = 2*t + 2*t + 3*m, -8 = -4*m. What is the tens digit of t?
0
Let h = -6 + 24. Suppose 3*g - 14 = -f + 2*g, -f = -g - h. What is the units digit of (1 - f)*(-1)/3?
5
Suppose 2*j = 4 + 4. What is the units digit of j?
4
Suppose 3*a - 9 = -0*a. Let p be (-8)/a - (-1)/(-3). What is the units digit of p/(-2) + 4/8?
2
Let n(z) be the third derivative of -z**5/120 + z**4/24 - z**3/6 + 3*z**2. Let p(j) be the first derivative of n(j). What is the units digit of p(-6)?
7
Suppose 4*j = -j + 425. Suppose y + s - 17 = 0, s = 4*y - 9*y + j. What is the units digit of y?
7
Let v = 133 - 58. What is the units digit of 133/5 + 30/v?
7
What is the tens digit of 5/3*(-1)/((-3)/27)?
1
Let l be 2/5 - (-80)/50. Let a = l + 10. What is the units digit of a?
2
Let s(u) = u + 11. What is the units digit of s(10)?
1
Let f = 49 - 71. Let y be 2/6 + f/(-6). Suppose -y*o + 2 = -2*o. What is the units digit of o?
1
Let b(s) = -s**3 + 3*s**2 + 6*s - 1. Suppose 3*k + 3*r - r - 9 = 0, -k = 3*r + 4. Suppose -k*x - 4 = -6*x. What is the units digit of b(x)?
7
Let h(y) be the second derivative of -y**8/6720 + y**7/504 + y**5/24 - y**4/4 - 2*y. Let j(r) be the third derivative of h(r). What is the units digit of j(5)?
5
Let i(k) = -k**3 - 2*k**2 + k - 1. Let x = 7 + -9. Let c be i(x). Let g(m) = m**3 + 3*m**2 - 4*m - 4. What is the units digit of g(c)?
8
Suppose -3*r = -5*r + 18. What is the units digit of r?
9
Let j(w) = -26*w + 2. Suppose -3*q = -o - 1 + 4, 5*q = -o - 5. What is the units digit of j(q)?
8
Let k(s) = -26*s**3 + 2*s**2 + s. What is the units digit of k(-1)?
7
Let h be (-14)/(-4) + 5/(-10). Suppose 225 = 2*q + h*q. Suppose 0 = 3*s - q. What is the units digit of s?
5
Let v = -13 + 30. Suppose 11 = 2*q - v. What is the units digit of q?
4
Let l = -71 - -51. Suppose -4*x + 20 = -112. Let o = x + l. What is the tens digit of o?
1
Suppose g - 2 = -0*g. Suppose -2*h - g*f + 78 = 3*h, -3*f + 82 = 5*h. What is the tens digit of h?
1
Suppose -4*v = -3*v. Suppose -2*l + 0*l = -6. Suppose v = 5*j - 2 - l. What is the units digit of j?
1
Let r be (1 - 2) + 2 + 1. Suppose r*w + 36 = 5*w. What is the units digit of (w - 5)/(0 + 1)?
7
Let h(n) = -80*n + 3. Let f be h(-5). Suppose 0 = -5*s + f - 58. Suppose s + 11 = 5*v. What is the units digit of v?
6
Let i be (0/(-1) - 2)*-1. Suppose i*o = o + 24. Suppose -2*f - 2*f = -o. What is the units digit of f?
6
Let o(b) = 12*b**2 + 2*b + 1. Let q be o(-1). Let n(v) = -v**2 + 10*v + 16. What is the units digit of n(q)?
5
Suppose -6 = l - 9. Let i(c) = c**2 + c + 2. What is the tens digit of i(l)?
1
Let b = -23 - 8. Let y = -11 - b. What is the units digit of y?
0
Let r be (-1 - -7)/(-3) + 0. What is the units digit of (-2)/(-3)*(-15)/r?
5
Suppose -o = 4*o - 20, -20 = -2*l - 5*o. Let w = -1 - l. What is the units digit of w + (1 + -19)/(-3)?
5
Let i be 528/(-84) - (-2)/7. Let j = i + 8. What is the units digit of j?
2
Let u(y) = -y**2 + 26*y + 66. What is the hundreds digit of u(20)?
1
What is the tens digit of 25 + (-9)/((-3)/(-1))?
2
Let u(m) = -m + 10. Let y(v) = v**3 - 3*v**2 + 2*v + 4. Let x be y(3). Let i be u(x). What is the units digit of (i - (-2)/(-4))*-16?
8
Suppose 0 = 8*a + 2*a - 880. What is the units digit of a